{"id":31,"date":"2015-09-30T08:48:36","date_gmt":"2015-09-30T08:48:36","guid":{"rendered":"http:\/\/www.elabrego.es\/web\/?page_id=31"},"modified":"2021-06-24T11:42:12","modified_gmt":"2021-06-24T11:42:12","slug":"camadas-ventas","status":"publish","type":"page","link":"https:\/\/www.elabrego.es\/web\/camadas-ventas\/","title":{"rendered":"Camadas-Ventas"},"content":{"rendered":"<table border=\"0\" width=\"639\">\n<tbody>\n<tr>\n<td>\n<p style=\"text-align: center;\" align=\"center\"><a href=\"http:\/\/www.elabrego.es\/web\/viko-von-olishof\"><img loading=\"lazy\" class=\"size-medium wp-image-884 aligncenter\" src=\"http:\/\/www.elabrego.es\/web\/wp-content\/uploads\/2015\/09\/Vico-300x300.jpg\" alt=\"\" width=\"300\" height=\"300\" srcset=\"https:\/\/www.elabrego.es\/web\/wp-content\/uploads\/2015\/09\/Vico-300x300.jpg 300w, https:\/\/www.elabrego.es\/web\/wp-content\/uploads\/2015\/09\/Vico-150x150.jpg 150w, https:\/\/www.elabrego.es\/web\/wp-content\/uploads\/2015\/09\/Vico.jpg 560w\" sizes=\"(max-width: 300px) 100vw, 300px\" \/><\/a>VICO VON OLISHOF<\/p>\n<\/td>\n<td style=\"text-align: center;\"><span style=\"font-size: 300%;\"><b>X\u00a0<\/b><\/span><\/td>\n<td>\n<p style=\"text-align: center;\" align=\"center\"><a href=\"haya.html\"><img loading=\"lazy\" class=\"size-medium wp-image-886 aligncenter\" src=\"http:\/\/www.elabrego.es\/web\/wp-content\/uploads\/2015\/09\/Fama-300x300.jpg\" alt=\"\" width=\"300\" height=\"300\" srcset=\"https:\/\/www.elabrego.es\/web\/wp-content\/uploads\/2015\/09\/Fama-300x300.jpg 300w, https:\/\/www.elabrego.es\/web\/wp-content\/uploads\/2015\/09\/Fama-150x150.jpg 150w, https:\/\/www.elabrego.es\/web\/wp-content\/uploads\/2015\/09\/Fama.jpg 543w\" sizes=\"(max-width: 300px) 100vw, 300px\" \/><\/a>FAMA DE \u00c1BREGO<\/p>\n<p style=\"text-align: center;\" align=\"center\">\n<\/td>\n<\/tr>\n<tr>\n<td>\n<p style=\"text-align: center;\" align=\"center\"><img loading=\"lazy\" class=\"size-medium wp-image-885 aligncenter\" src=\"http:\/\/www.elabrego.es\/web\/wp-content\/uploads\/2015\/09\/VIKO-VON-OLISHOF-1-300x225.jpg\" alt=\"\" width=\"300\" height=\"225\" srcset=\"https:\/\/www.elabrego.es\/web\/wp-content\/uploads\/2015\/09\/VIKO-VON-OLISHOF-1-300x225.jpg 300w, https:\/\/www.elabrego.es\/web\/wp-content\/uploads\/2015\/09\/VIKO-VON-OLISHOF-1-768x575.jpg 768w, https:\/\/www.elabrego.es\/web\/wp-content\/uploads\/2015\/09\/VIKO-VON-OLISHOF-1-801x600.jpg 801w, https:\/\/www.elabrego.es\/web\/wp-content\/uploads\/2015\/09\/VIKO-VON-OLISHOF-1.jpg 917w\" sizes=\"(max-width: 300px) 100vw, 300px\" \/>VICO VON OLISHOF<\/p>\n<\/td>\n<td><span style=\"font-size: 300%;\"><b>X\u00a0<\/b><\/span><\/td>\n<td>\n<p style=\"text-align: center;\" align=\"center\"><a href=\"haya.html\"><br \/>\n<\/a><img loading=\"lazy\" class=\"size-medium wp-image-887 aligncenter\" src=\"http:\/\/www.elabrego.es\/web\/wp-content\/uploads\/2015\/09\/Jade-de-\u00c1brego-1-300x200.jpg\" alt=\"\" width=\"300\" height=\"200\" srcset=\"https:\/\/www.elabrego.es\/web\/wp-content\/uploads\/2015\/09\/Jade-de-\u00c1brego-1-300x200.jpg 300w, https:\/\/www.elabrego.es\/web\/wp-content\/uploads\/2015\/09\/Jade-de-\u00c1brego-1-768x512.jpg 768w, https:\/\/www.elabrego.es\/web\/wp-content\/uploads\/2015\/09\/Jade-de-\u00c1brego-1-1024x682.jpg 1024w, https:\/\/www.elabrego.es\/web\/wp-content\/uploads\/2015\/09\/Jade-de-\u00c1brego-1-901x600.jpg 901w, https:\/\/www.elabrego.es\/web\/wp-content\/uploads\/2015\/09\/Jade-de-\u00c1brego-1.jpg 1051w\" sizes=\"(max-width: 300px) 100vw, 300px\" \/>JADE DE \u00c1BREGO<\/p>\n<\/td>\n<\/tr>\n<tr>\n<td><a href=\"http:\/\/www.elabrego.es\/web\/wp-content\/uploads\/2015\/09\/Yakobo-de-Auringis-3.jpg\"><img loading=\"lazy\" class=\"wp-image-678 size-medium aligncenter\" src=\"http:\/\/www.elabrego.es\/web\/wp-content\/uploads\/2015\/09\/Yakobo-de-Auringis-3-300x200.jpg\" alt=\"\" width=\"300\" height=\"200\" srcset=\"https:\/\/www.elabrego.es\/web\/wp-content\/uploads\/2015\/09\/Yakobo-de-Auringis-3-300x200.jpg 300w, https:\/\/www.elabrego.es\/web\/wp-content\/uploads\/2015\/09\/Yakobo-de-Auringis-3-768x512.jpg 768w, https:\/\/www.elabrego.es\/web\/wp-content\/uploads\/2015\/09\/Yakobo-de-Auringis-3.jpg 799w\" sizes=\"(max-width: 300px) 100vw, 300px\" \/><\/a><\/p>\n<p style=\"text-align: center;\">YACOBO DE AURINGIS<\/p>\n<\/td>\n<td style=\"text-align: center;\"><span style=\"font-size: 300%;\"><b>X<\/b><\/span><\/td>\n<td><a href=\"http:\/\/www.elabrego.es\/web\/wp-content\/uploads\/2015\/09\/BRESKA-VOM-SALZTALBLICK-1.jpg\"><img loading=\"lazy\" class=\"aligncenter wp-image-677 size-medium\" src=\"http:\/\/www.elabrego.es\/web\/wp-content\/uploads\/2015\/09\/BRESKA-VOM-SALZTALBLICK-1-300x217.jpg\" alt=\"\" width=\"300\" height=\"217\" srcset=\"https:\/\/www.elabrego.es\/web\/wp-content\/uploads\/2015\/09\/BRESKA-VOM-SALZTALBLICK-1-300x217.jpg 300w, https:\/\/www.elabrego.es\/web\/wp-content\/uploads\/2015\/09\/BRESKA-VOM-SALZTALBLICK-1.jpg 593w\" sizes=\"(max-width: 300px) 100vw, 300px\" \/><\/a><\/p>\n<p style=\"text-align: center;\">BRESKA VOM SALZTALBLICK<\/p>\n<\/td>\n<\/tr>\n<tr>\n<td>\n<p align=\"center\"><a href=\"http:\/\/www.elabrego.es\/web\/wp-content\/uploads\/2015\/09\/NARRO-DE-ABREGO.jpg\"><img loading=\"lazy\" class=\"aligncenter wp-image-669 size-medium\" src=\"http:\/\/www.elabrego.es\/web\/wp-content\/uploads\/2015\/09\/NARRO-DE-ABREGO-225x300.jpg\" alt=\"\" width=\"225\" height=\"300\" srcset=\"https:\/\/www.elabrego.es\/web\/wp-content\/uploads\/2015\/09\/NARRO-DE-ABREGO-225x300.jpg 225w, https:\/\/www.elabrego.es\/web\/wp-content\/uploads\/2015\/09\/NARRO-DE-ABREGO-768x1024.jpg 768w, https:\/\/www.elabrego.es\/web\/wp-content\/uploads\/2015\/09\/NARRO-DE-ABREGO-450x600.jpg 450w, https:\/\/www.elabrego.es\/web\/wp-content\/uploads\/2015\/09\/NARRO-DE-ABREGO-1600x2133.jpg 1600w, https:\/\/www.elabrego.es\/web\/wp-content\/uploads\/2015\/09\/NARRO-DE-ABREGO.jpg 1704w\" sizes=\"(max-width: 225px) 100vw, 225px\" \/><\/a><\/p>\n<p style=\"text-align: center;\" align=\"center\">NARRO DE \u00c1BREGO<\/p>\n<\/td>\n<td style=\"text-align: center;\"><span style=\"font-size: 300%;\"><b>X<\/b><\/span><\/td>\n<td>\n<p align=\"center\"><a href=\"http:\/\/www.elabrego.es\/web\/wp-content\/uploads\/2015\/09\/Copia-cabeza.jpg\"><img loading=\"lazy\" class=\"aligncenter wp-image-551 size-medium\" src=\"http:\/\/www.elabrego.es\/web\/wp-content\/uploads\/2015\/09\/Copia-cabeza-260x300.jpg\" alt=\"\" width=\"260\" height=\"300\" srcset=\"https:\/\/www.elabrego.es\/web\/wp-content\/uploads\/2015\/09\/Copia-cabeza-260x300.jpg 260w, https:\/\/www.elabrego.es\/web\/wp-content\/uploads\/2015\/09\/Copia-cabeza-887x1024.jpg 887w, https:\/\/www.elabrego.es\/web\/wp-content\/uploads\/2015\/09\/Copia-cabeza-520x600.jpg 520w, https:\/\/www.elabrego.es\/web\/wp-content\/uploads\/2015\/09\/Copia-cabeza.jpg 1043w\" sizes=\"(max-width: 260px) 100vw, 260px\" \/><\/a><\/p>\n<p style=\"text-align: center;\" align=\"center\">BRESKA VOM \u00a0SALZTALBLICK<\/p>\n<\/td>\n<\/tr>\n<tr>\n<td>\n<p align=\"center\"><a href=\"http:\/\/www.elabrego.es\/web\/wp-content\/uploads\/2015\/09\/WARRO-DE-ABREGO-Large.jpg\" rel=\"attachment wp-att-662\"><img loading=\"lazy\" class=\"wp-image-662 size-medium aligncenter\" src=\"http:\/\/www.elabrego.es\/web\/wp-content\/uploads\/2015\/09\/WARRO-DE-ABREGO-Large-169x300.jpg\" alt=\"WARRO DE ABREGO (Large)\" width=\"169\" height=\"300\" srcset=\"https:\/\/www.elabrego.es\/web\/wp-content\/uploads\/2015\/09\/WARRO-DE-ABREGO-Large-169x300.jpg 169w, https:\/\/www.elabrego.es\/web\/wp-content\/uploads\/2015\/09\/WARRO-DE-ABREGO-Large-768x1367.jpg 768w, https:\/\/www.elabrego.es\/web\/wp-content\/uploads\/2015\/09\/WARRO-DE-ABREGO-Large-575x1024.jpg 575w, https:\/\/www.elabrego.es\/web\/wp-content\/uploads\/2015\/09\/WARRO-DE-ABREGO-Large-337x600.jpg 337w, https:\/\/www.elabrego.es\/web\/wp-content\/uploads\/2015\/09\/WARRO-DE-ABREGO-Large.jpg 1079w\" sizes=\"(max-width: 169px) 100vw, 169px\" \/><\/a>WARRO DE \u00c1BREGO<\/p>\n<\/td>\n<td><span style=\"font-size: 300%;\"><b>X<\/b><\/span><\/td>\n<td>\n<p align=\"center\"><a href=\"http:\/\/www.elabrego.es\/web\/wp-content\/uploads\/2015\/09\/SAJA-DE-ABREGO.jpg\" rel=\"attachment wp-att-661\"><img loading=\"lazy\" class=\"wp-image-661 size-medium aligncenter\" src=\"http:\/\/www.elabrego.es\/web\/wp-content\/uploads\/2015\/09\/SAJA-DE-ABREGO-203x300.jpg\" alt=\"SAJA DE ABREGO\" width=\"203\" height=\"300\" srcset=\"https:\/\/www.elabrego.es\/web\/wp-content\/uploads\/2015\/09\/SAJA-DE-ABREGO-203x300.jpg 203w, https:\/\/www.elabrego.es\/web\/wp-content\/uploads\/2015\/09\/SAJA-DE-ABREGO-768x1137.jpg 768w, https:\/\/www.elabrego.es\/web\/wp-content\/uploads\/2015\/09\/SAJA-DE-ABREGO-692x1024.jpg 692w, https:\/\/www.elabrego.es\/web\/wp-content\/uploads\/2015\/09\/SAJA-DE-ABREGO-405x600.jpg 405w, https:\/\/www.elabrego.es\/web\/wp-content\/uploads\/2015\/09\/SAJA-DE-ABREGO.jpg 916w\" sizes=\"(max-width: 203px) 100vw, 203px\" \/><\/a>SAJA DE \u00c1BREGO<\/p>\n<\/td>\n<\/tr>\n<tr>\n<td>\n<p align=\"center\"><a href=\"http:\/\/www.elabrego.es\/web\/wp-content\/uploads\/2015\/09\/XXXX.jpg\"><img loading=\"lazy\" style=\"border: 2px solid #FFFFFF;\" src=\"http:\/\/www.elabrego.es\/web\/wp-content\/uploads\/2015\/09\/XXXX-226x300.jpg\" alt=\"XXXX\" width=\"226\" height=\"300\" \/><\/a><br \/>\nGHOST VOM ZUGVOGEL<\/p>\n<\/td>\n<td><span style=\"font-size: 300%;\"><b>X<\/b><\/span><\/td>\n<td>\n<p align=\"center\"><a href=\"http:\/\/www.elabrego.es\/web\/wp-content\/uploads\/2015\/09\/Copia-cabeza.jpg\"><img loading=\"lazy\" class=\"aligncenter\" style=\"border: 2px solid #FFFFFF;\" src=\"http:\/\/www.elabrego.es\/web\/wp-content\/uploads\/2015\/09\/Copia-cabeza-260x300.jpg\" alt=\"Copia cabeza\" width=\"260\" height=\"300\" \/><\/a>BRESKA VOM SALZTALBLICK<\/p>\n<\/td>\n<\/tr>\n<tr>\n<td style=\"text-align: center;\"><img loading=\"lazy\" class=\"aligncenter\" style=\"border: 2px solid #FFFFFF;\" src=\"http:\/\/www.elabrego.es\/web\/imagenes\/camada_warro.jpg\" alt=\"\" width=\"293\" height=\"211\" border=\"0\" \/>WARRO DE \u00c1BREGO<\/td>\n<td><span style=\"font-size: 300%;\"><b>X<\/b><\/span><\/td>\n<td style=\"text-align: center;\">\u00a0<img loading=\"lazy\" class=\"aligncenter\" style=\"border: 2px solid #FFFFFF;\" src=\"http:\/\/www.elabrego.es\/web\/imagenes\/camada_brisa.jpg\" alt=\"\" width=\"261\" height=\"196\" border=\"0\" \/>BRISA DE TORRE DEL REY<\/td>\n<\/tr>\n<tr>\n<td>\n<p align=\"center\"><img loading=\"lazy\" style=\"border: 2px solid #FFFFFF;\" src=\"http:\/\/www.elabrego.es\/web\/imagenes\/Athor_de_Cudeyo.jpg\" alt=\"\" width=\"269\" height=\"311\" border=\"0\" \/><br \/>\nATHOR DE CUDEYO<\/p>\n<\/td>\n<td><span style=\"font-size: 300%;\"><b>X<\/b><\/span><\/td>\n<td>\n<p align=\"center\"><img loading=\"lazy\" style=\"border: 2px solid #FFFFFF;\" src=\"http:\/\/www.elabrego.es\/web\/imagenes\/Breska_vom_Salztalblick.jpg\" alt=\"\" width=\"269\" height=\"311\" border=\"0\" \/><br \/>\nBRESKA VOM SALZTALBLICK<\/p>\n<\/td>\n<\/tr>\n<tr>\n<td><\/td>\n<td><\/td>\n<td><\/td>\n<\/tr>\n<tr>\n<td>\n<p align=\"center\"><img loading=\"lazy\" style=\"border: 2px solid #FFFFFF;\" src=\"http:\/\/www.elabrego.es\/web\/imagenes\/Warro2014.jpg\" alt=\"\" width=\"269\" height=\"200\" border=\"0\" \/><br \/>\nWARRO DE \u00c1BREGO<\/p>\n<\/td>\n<td><span style=\"font-size: 300%;\"><b>X<\/b><\/span><\/td>\n<td>\n<p align=\"center\"><img loading=\"lazy\" style=\"border: 2px solid #FFFFFF;\" src=\"http:\/\/www.elabrego.es\/web\/imagenes\/Perla2014.jpg\" alt=\"\" width=\"269\" height=\"200\" border=\"0\" \/><br \/>\nPERLA DE \u00c1BREGO<\/p>\n<\/td>\n<\/tr>\n<tr>\n<td><\/td>\n<td><\/td>\n<td><\/td>\n<\/tr>\n<tr>\n<td>\n<p align=\"center\"><img loading=\"lazy\" style=\"border: 2px solid #FFFFFF;\" src=\"http:\/\/www.elabrego.es\/web\/imagenes\/tnArak%20(1)13.jpg\" alt=\"\" width=\"269\" height=\"200\" border=\"0\" \/><br \/>\nARAK DE CUDEYO<\/p>\n<\/td>\n<td><span style=\"font-size: 300%;\"><b>X<\/b><\/span><\/td>\n<td>\n<p align=\"center\"><img loading=\"lazy\" style=\"border: 2px solid #FFFFFF;\" src=\"http:\/\/www.elabrego.es\/web\/imagenes\/tnBreska13.jpg\" alt=\"\" width=\"269\" height=\"208\" border=\"0\" \/><br \/>\nBRESKA VOM SALZTALBLICK<\/p>\n<\/td>\n<\/tr>\n<tr>\n<td><\/td>\n<td><\/td>\n<td><\/td>\n<\/tr>\n<tr>\n<td>\n<p align=\"center\"><img loading=\"lazy\" style=\"border: 2px solid #FFFFFF;\" src=\"http:\/\/www.elabrego.es\/web\/imagenes\/Joschka%20von%20der%20Freiheit%20Westerholt.jpg\" alt=\"\" width=\"269\" height=\"202\" border=\"0\" \/><br \/>\nJOSCHKA VON DER FREITHEIT WESTERHOLT<\/p>\n<\/td>\n<td><span style=\"font-size: 300%;\"><b>X<\/b><\/span><\/td>\n<td>\n<p align=\"center\"><a href=\"perla.html\"><br \/>\n<img loading=\"lazy\" style=\"border: 2px solid #FFFFFF;\" src=\"http:\/\/www.elabrego.es\/web\/imagenes\/PERLA%20DE%20ABREGO.jpg\" alt=\"\" width=\"291\" height=\"202\" border=\"0\" \/><\/a><br \/>\nPERLA DE \u00c1BREGO<\/p>\n<\/td>\n<\/tr>\n<tr>\n<td><\/td>\n<td><\/td>\n<td><\/td>\n<\/tr>\n<tr>\n<td>\n<p align=\"center\"><a href=\"http:\/\/www.elabrego.es\/jaque.html\"><br \/>\n<img loading=\"lazy\" style=\"border: 2px solid #FFFFFF;\" src=\"http:\/\/www.elabrego.es\/web\/imagenes\/Jaque_21_meses.jpg\" alt=\"\" width=\"269\" height=\"202\" border=\"0\" \/><\/a><br \/>\nJAQUE DE \u00c1BREGO<\/p>\n<\/td>\n<td><span style=\"font-size: 300%;\"><b>X<\/b><\/span><\/td>\n<td>\n<p align=\"center\"><a href=\"http:\/\/www.elabrego.es\/brisa2.html\"><br \/>\n<img loading=\"lazy\" style=\"border: 2px solid #FFFFFF;\" src=\"http:\/\/www.elabrego.es\/web\/imagenes\/Brisa2011.jpg\" alt=\"\" width=\"269\" height=\"202\" border=\"0\" \/><\/a><br \/>\nBRISA DE TORRE DEL REY<\/p>\n<\/td>\n<\/tr>\n<tr>\n<td><\/td>\n<td><\/td>\n<td><\/td>\n<\/tr>\n<tr>\n<td>\n<p align=\"center\"><a href=\"http:\/\/www.elabrego.es\/camadas.html\"><br \/>\n<img loading=\"lazy\" style=\"border: 2px solid #FFFFFF;\" src=\"http:\/\/www.elabrego.es\/web\/imagenes\/Joschka.jpg\" alt=\"\" width=\"269\" height=\"211\" border=\"0\" \/><\/a><br \/>\nJOSCHKA VON DER FREIHEIT WESTERHOLT<\/p>\n<\/td>\n<td><span style=\"font-size: 300%;\"><b>X<\/b><\/span><\/td>\n<td>\n<p align=\"center\"><a href=\"breska.html\"><br \/>\n<img loading=\"lazy\" style=\"border: 2px solid #FFFFFF;\" src=\"http:\/\/www.elabrego.es\/web\/imagenes\/BRESKA_POSADO_2.jpg\" alt=\"\" width=\"277\" height=\"208\" border=\"2\" \/><\/a><br \/>\nBRESKA VOM SALZTALBLICK<\/p>\n<\/td>\n<\/tr>\n<tr>\n<td><\/td>\n<td><\/td>\n<td><\/td>\n<\/tr>\n<tr>\n<td>\n<p align=\"center\"><a href=\"http:\/\/www.elabrego.es\/zello.html\"><br \/>\n<img loading=\"lazy\" style=\"border: 2px solid #FFFFFF;\" src=\"http:\/\/www.elabrego.es\/web\/imagenes\/Zello%20vom%20Adelplatz.jpg\" alt=\"\" width=\"269\" height=\"203\" border=\"0\" \/><\/a><br \/>\nZELLO VOM ADELPLATZ<\/p>\n<\/td>\n<td><span style=\"font-size: 300%;\"><b>X<\/b><\/span><\/td>\n<td>\n<p align=\"center\"><a href=\"duna.html\"><br \/>\n<img loading=\"lazy\" style=\"border: 2px solid #FFFFFF;\" src=\"http:\/\/www.elabrego.es\/web\/imagenes\/dunaaa.JPG\" alt=\"\" width=\"262\" height=\"205\" border=\"0\" \/><\/a><br \/>\nDU\u00d1A DEL \u00c1BREGO<\/p>\n<\/td>\n<\/tr>\n<tr>\n<td><\/td>\n<td><\/td>\n<td><\/td>\n<\/tr>\n<tr>\n<td>\n<p align=\"center\"><a href=\"http:\/\/www.elabrego.es\/zello.html\"><br \/>\n<img loading=\"lazy\" style=\"border: 2px solid #FFFFFF;\" src=\"http:\/\/www.elabrego.es\/web\/imagenes\/Zello%20vom%20Adelplatz.jpg\" alt=\"\" width=\"269\" height=\"203\" border=\"0\" \/><\/a><br \/>\nZELLO VOM ADELPLATZ<\/p>\n<\/td>\n<td><span style=\"font-size: 300%;\"><b>X<\/b><\/span><\/td>\n<td>\n<p align=\"center\"><a href=\"brisa2.html\"><br \/>\n<img loading=\"lazy\" style=\"border: 2px solid #FFFFFF;\" src=\"http:\/\/www.elabrego.es\/web\/imagenes\/Brisa2.jpg\" alt=\"\" width=\"263\" height=\"198\" border=\"0\" \/><\/a><br \/>\nBRISA DE TORRE DEL REY<\/p>\n<\/td>\n<\/tr>\n<tr>\n<td><\/td>\n<td><\/td>\n<td><\/td>\n<\/tr>\n<\/tbody>\n<\/table>\n<h1><\/h1>\n","protected":false},"excerpt":{"rendered":"<p>VICO VON OLISHOF X\u00a0 FAMA DE \u00c1BREGO VICO VON OLISHOF X\u00a0 JADE DE \u00c1BREGO YACOBO DE AURINGIS X BRESKA VOM SALZTALBLICK NARRO DE \u00c1BREGO X BRESKA VOM \u00a0SALZTALBLICK WARRO DE \u00c1BREGO X SAJA DE \u00c1BREGO GHOST VOM ZUGVOGEL X BRESKA VOM SALZTALBLICK WARRO DE \u00c1BREGO X \u00a0BRISA DE TORRE DEL REY ATHOR DE CUDEYO X [&hellip;]<\/p>\n","protected":false},"author":1,"featured_media":0,"parent":0,"menu_order":0,"comment_status":"closed","ping_status":"closed","template":"","meta":[],"_links":{"self":[{"href":"https:\/\/www.elabrego.es\/web\/wp-json\/wp\/v2\/pages\/31"}],"collection":[{"href":"https:\/\/www.elabrego.es\/web\/wp-json\/wp\/v2\/pages"}],"about":[{"href":"https:\/\/www.elabrego.es\/web\/wp-json\/wp\/v2\/types\/page"}],"author":[{"embeddable":true,"href":"https:\/\/www.elabrego.es\/web\/wp-json\/wp\/v2\/users\/1"}],"replies":[{"embeddable":true,"href":"https:\/\/www.elabrego.es\/web\/wp-json\/wp\/v2\/comments?post=31"}],"version-history":[{"count":46,"href":"https:\/\/www.elabrego.es\/web\/wp-json\/wp\/v2\/pages\/31\/revisions"}],"predecessor-version":[{"id":906,"href":"https:\/\/www.elabrego.es\/web\/wp-json\/wp\/v2\/pages\/31\/revisions\/906"}],"wp:attachment":[{"href":"https:\/\/www.elabrego.es\/web\/wp-json\/wp\/v2\/media?parent=31"}],"curies":[{"name":"wp","href":"https:\/\/api.w.org\/{rel}","templated":true}]}}